what is -211310131 + -11313?
-211322110
In base 8, what is -5 + 167706415?
167706410
In base 8, what is 3 + 61667714?
61667717
In base 8, what is 3043700620 - -3?
3043700623
In base 13, what is 151877b + 71?
151881c
In base 16, what is 1739c + d?
173a9
In base 9, what is -33123 - -1753?
-31260
In base 2, what is 1010000111 + -1001010011100111?
-1001001001100000
In base 12, what is 9b68912 + 3?
9b68915
In base 2, what is 111110100111001100101100 - 10?
111110100111001100101010
In base 5, what is 21 + -10233111?
-10233040
In base 15, what is 2 + 5d6667?
5d6669
In base 3, what is -2010 - -222000221102?
222000212022
In base 2, what is 111010010001010 + 1001001?
111010011010011
In base 6, what is 2 + 4033531144?
4033531150
In base 5, what is -11414411311 - 1?
-11414411312
In base 11, what is -2658a4a4 + 7?
-2658a498
In base 6, what is 5 + -2041141341?
-2041141332
In base 11, what is -442a5 - 6a?
-44364
In base 5, what is 401300 - -23212?
430012
In base 7, what is 20402105 + -3?
20402102
In base 8, what is 1315 - 155617?
-154302
In base 10, what is -1379110 - 646?
-1379756
In base 3, what is 201 - -122221000222?
122221001200
In base 5, what is -10 + 1020412243014?
1020412243004
In base 9, what is 5 + -343275318?
-343275313
In base 16, what is 5 - -66e3d9?
66e3de
In base 5, what is -133134232 - 0?
-133134232
In base 14, what is 4bc0 - -5078?
9c58
In base 2, what is -1100001001010000000110100 + -1?
-1100001001010000000110101
In base 6, what is 234 + 1035355?
1040033
In base 12, what is 1701119 - 7?
1701112
In base 7, what is 344231 + -451?
343450
In base 14, what is -9a + 1a12d?
1a073
In base 7, what is 4 + -4411024125?
-4411024121
In base 15, what is -5cdb02 - 0?
-5cdb02
In base 4, what is -3 - -10231100312?
10231100303
In base 6, what is -52 + 214155340?
214155244
In base 15, what is 17aa - -489?
1c44
In base 12, what is -38 + -761502a?
-7615066
In base 4, what is 3021221332 + -3?
3021221323
In base 3, what is 12 - 12021200112100?
-12021200112011
In base 2, what is -111000011111 - 101110011110111?
-110101100010110
In base 9, what is 65575 + -12406?
53168
In base 6, what is 13 + 424524215?
424524232
In base 2, what is -11000110111101011 - 100001101?
-11000111011111000
In base 3, what is -112112 + 1211211111?
1211021222
In base 12, what is 45a31 - -6508?
50339
In base 15, what is ee8e05 - 3?
ee8e02
In base 15, what is 1a39a2 - 2b?
1a3976
In base 8, what is -3251 + 2065?
-1164
In base 4, what is -2003 - -133202020?
133200011
In base 11, what is -95 + -269838?
-269922
In base 3, what is -1212000101221 + 11?
-1212000101210
In base 4, what is -221002 - 201312232?
-202133300
In base 10, what is -729 - 42266?
-42995
In base 13, what is 4 - 9ab91b?
-9ab917
In base 8, what is 22 - -1716557?
1716601
In base 8, what is -311333414 - 5?
-311333421
In base 11, what is -8075370 + 7?
-8075364
In base 9, what is -3 + 15741538?
15741535
In base 3, what is -20001212112200 - 20?
-20001212112220
In base 13, what is 7b25 + -209c?
5a56
In base 9, what is -1016 - -1115404?
1114377
In base 14, what is -13943c4 - 1?
-13943c5
In base 3, what is -10122210 - -110012200?
22112220
In base 3, what is -1 - -20100000010020000?
20100000010012222
In base 8, what is 27333 + -23213?
4120
In base 5, what is 24021012232 - 2?
24021012230
In base 13, what is -1608a72 + 1?
-1608a71
In base 15, what is 408 - -eb4?
13bc
In base 5, what is -14112 - 13343234?
-13412401
In base 3, what is 10000011211221 + -1020?
10000011210201
In base 14, what is dc769 - 62?
dc707
In base 15, what is 4 + 77817a6?
77817aa
In base 7, what is -2225561 - -46?
-2225512
In base 7, what is -6 + 164433?
164424
In base 5, what is 1314031 + 2234?
1321320
In base 4, what is -3130231003 - -21111?
-3130203232
In base 9, what is 1 + 18051527?
18051528
In base 13, what is -4163 + -1128?
-528b
In base 7, what is -11635352 - -10?
-11635342
In base 9, what is -10704541 + 5?
-10704535
In base 12, what is 91 - 206a5?
-20614
In base 13, what is 23c0 + 9b6?
30a6
In base 6, what is -24 + -342225?
-342253
In base 6, what is -41 + -510441502?
-510441543
In base 3, what is 110 - 1112022002101?
-1112022001221
In base 7, what is -153 - -263155?
263002
In base 10, what is -926083 + -71?
-926154
In base 3, what is -12 - -20022021020221002?
20022021020220220
In base 7, what is 124 - -1503463?
1503620
In base 11, what is -6a4 - 154a70?
-155664
In base 2, what is -1000111 + -10010010110100110?
-10010010111101101
In base 7, what is 4512 + 2360?
10202
In base 7, what is -10246 + -613?
-11162
In base 12, what is b70643 + -1?
b70642
In base 7, what is 1506614234 + 14?
1506614251
In base 10, what is -40004120 + -3?
-40004123
In base 7, what is -12 + 2611206?
2611164
In base 11, what is -4989711 + -3?
-4989714
In base 2, what is 10011100 - 11000000010011011?
-10111111111111111
In base 15, what is -12bd69 + -1?
-12bd6a
In base 16, what is -a4 + 12aa8?
12a04
In base 8, what is -34 - 644611?
-644645
In base 2, what is -10011110101 - -1010010110110000?
1010000010111011
In base 9, what is -48166 + -2116?
-51283
In base 5, what is -1144012113 + 2?
-1144012111
In base 2, what is -1 - 1001100000000111001101110?
-1001100000000111001101111
In base 13, what is 635 - -22ab?
2913
In base 6, what is 330230 - -11454?
342124
In base 16, what is -297 + 12a1f?
12788
In base 14, what is -47 + -12596?
-125dd
In base 3, what is -10021212110202112 + -2?
-10021212110202121
In base 14, what is -9 - 244263?
-24426c
In base 6, what is -12 - 215320555?
-215321011
In base 4, what is 12 + -33032020203?
-33032020131
In base 16, what is -1972ac - -1c?
-197290
In base 15, what is -5 + -1859160?
-1859165
In base 16, what is 34366 + 12c?
34492
In base 11, what is -982247 - 5?
-982251
In base 16, what is 6 - -546123?
546129
In base 4, what is 30332 - 301103?
-210111
In base 3, what is -120202 - -202002021?
201111112
In base 13, what is -c602 + -1916?
-11218
In base 9, what is -806768 - -425?
-806343
In base 11, what is 276244 - 84?
276170
In base 15, what is -6 + 47b185?
47b17e
In base 5, what is -132134300 - -242?
-132134003
In base 4, what is 220212223 + -101?
220212122
In base 7, what is -60026656 + -23?
-60030012
In base 15, what is 2c1165 - 23?
2c1142
In base 3, what is 102201 - 2110222010010?
-2110221200102
In base 8, what is 3464 - -112326?
116012
In base 13, what is b4 + -95c9?
-9515
In base 6, what is 0 - 123205453?
-123205453
In base 4, what is 1 - 21122302122?
-21122302121
In base 10, what is 18741124 + 3?
18741127
In base 5, what is -3103141 + 1244?
-3101342
In base 4, what is 12020103 + -31122?
11322321
In base 11, what is -5327549 - -4?
-5327545
In base 10, what is 857421 - 153?
857268
In base 6, what is -24440422335 + 1?
-24440422334
In base 9, what is 2134887 + -681?
2134206
In base 7, what is -20046516 - -113?
-20046403
In base 6, what is 3113321533 + -25?
3113321504
In base 14, what is -ca587 - a?
-ca593
In base 10, what is 23271582 + 23?
23271605
In base 4, what is -13 - -22100031203?
22100031130
In base 4, what is 2001020 - 1323312?
11102
In base 12, what is -b1 + -2002bb?
-2003b0
In base 7, what is 30633415 - 0?
30633415
In base 10, what is -28 + 20154180?
20154152
In base 5, what is 2142410233 - -1?
2142410234
In base 12, what is 28 - -231018b?
23101b7
In base 6, what is 41330324 - -42?
41330410
In base 5, what is -10 + -13313430334?
-13313430344
In base 12, what is -48026 - 426?
-48450
In base 13, what is 2131215 - 4?
2131211
In base 7, what is -15302243 + 1?
-15302242
In base 10, what is -8022039 + -2?
-8022041
In base 6, what is -11542235 - 420?
-11543055
In base 13, what is 5 + 823637?
82363c
In base 6, what is 3 - 125011115?
-125011112
In base 8, what is 5 - -100115552?
100115557
In base 14, what is 57 + -32ad?
-3256
In base 9, what is -1714400 - -37?
-1714352
In base 6, what is 31455 - -2040?
33535
In base 11, what is 21a640744 + -5?
21a64073a
In base 10, what is -3793376 + 82?
-3793294
In base 4, what is 10 - -11122310022?
11122310032
In base 11, what is -27 - -829007?
828a90
In base 9, what is -182 + -15856561?
-15856753
In base 13, what is 4 + 777294?
777298
In base 3, what is 1 - 1102100011222112?
-1102100011222111
In base 8, what is 4334 - -200511?
205045
In base 15, what is 36223d8 + -5?
36223d3
In base 3, what is 1021212212120 - -122?
1021212220012